+ -150?
-141
In base 11, what is -2690 + -5?
-2695
In base 14, what is -a8 + -6?
-b0
In base 5, what is -434 - 0?
-434
In base 2, what is 101001000100 + 0?
101001000100
In base 8, what is -4 - 1034?
-1040
In base 5, what is -40 - 241?
-331
In base 15, what is 10c + 0?
10c
In base 15, what is 1462 - 3?
145e
In base 15, what is -7 + 1d?
16
In base 15, what is -3656 - 1?
-3657
In base 15, what is 267 - 3?
264
In base 7, what is -6112 + -2?
-6114
In base 2, what is -101001 + 101011?
10
In base 7, what is 251 - -40?
321
In base 5, what is -130 + 431?
301
In base 14, what is -16 + -d?
-25
In base 3, what is -200 - 11201?
-12101
In base 16, what is -c - e?
-1a
In base 10, what is 0 + -704?
-704
In base 9, what is -1 + 41?
40
In base 5, what is 11420 + 13?
11433
In base 15, what is 559 + 19?
573
In base 4, what is 200332 - -3?
201001
In base 6, what is 245554 + 2?
250000
In base 7, what is -111 + -56?
-200
In base 5, what is -11 - 4130?
-4141
In base 4, what is 1120 + -112?
1002
In base 15, what is 18 + -174?
-15b
In base 13, what is -2a - -5?
-25
In base 2, what is 110100 - 110?
101110
In base 13, what is 3 - 281b?
-2818
In base 10, what is 3 + 1614?
1617
In base 3, what is 2221 - -122?
10120
In base 4, what is 12 - 3230?
-3212
In base 7, what is -5 - -124?
116
In base 3, what is -11200 - -1?
-11122
In base 12, what is -3 - 24b?
-252
In base 9, what is -7826 + 4?
-7822
In base 10, what is 35 - -3?
38
In base 8, what is 6 + -7?
-1
In base 11, what is -2 - 63?
-65
In base 16, what is -9 - 2c?
-35
In base 3, what is -10 - -2211?
2201
In base 10, what is -3 + 116?
113
In base 2, what is -111011 + 11?
-111000
In base 13, what is 194 + -3?
191
In base 11, what is -26 - -4?
-22
In base 11, what is -676 + 1?
-675
In base 14, what is 2d4 - 4?
2d0
In base 10, what is -1 + 7757?
7756
In base 9, what is 0 - 121?
-121
In base 12, what is -5 - -56?
51
In base 3, what is 100212 - 10?
100202
In base 12, what is -2 - -2?
0
In base 2, what is -1 - 1001011011?
-1001011100
In base 4, what is 110 - -223?
333
In base 14, what is -5 - 2b3b?
-2b42
In base 10, what is 4 + 1410?
1414
In base 7, what is 5 - 152?
-144
In base 10, what is 9 - 330?
-321
In base 13, what is -1 + -1c0?
-1c1
In base 4, what is 32323 + 3?
32332
In base 8, what is 1 - -442?
443
In base 15, what is 5 - d15?
-d10
In base 9, what is 4 - 22?
-17
In base 11, what is -5 - -1161?
1157
In base 4, what is 11003 - -1?
11010
In base 10, what is -77 - 11?
-88
In base 11, what is -73 + 1?
-72
In base 10, what is 37 + -3?
34
In base 5, what is 1 - -42?
43
In base 16, what is e + b?
19
In base 15, what is a + 5?
10
In base 13, what is -5 - -229?
224
In base 8, what is 6 - -10444?
10452
In base 16, what is -6b - 15?
-80
In base 14, what is c + 34?
42
In base 12, what is -20 - 3?
-23
In base 2, what is 11111000 + 100?
11111100
In base 10, what is -15 - 3?
-18
In base 11, what is 1 - 75?
-74
In base 14, what is -8 + -ac?
-b6
In base 4, what is -20 + -11?
-31
In base 6, what is -5 + -1153?
-1202
In base 16, what is 4e - -b?
59
In base 13, what is 4bb + 1?
4bc
In base 12, what is -8b - 0?
-8b
In base 9, what is 383 - 2?
381
In base 11, what is 28 - -5?
32
In base 2, what is -100 + 1111?
1011
In base 6, what is -5 + 45?
40
In base 4, what is -11 + 1332?
1321
In base 14, what is -b + -db?
-108
In base 4, what is 110 + -3?
101
In base 5, what is -3 + -3414?
-3422
In base 5, what is -1 - -4343?
4342
In base 14, what is d - -4?
13
In base 11, what is -1 - 57?
-58
In base 4, what is 21011 + 11?
21022
In base 15, what is b42 + -7?
b3a
In base 4, what is -11 + -213?
-230
In base 5, what is 0 - -4434?
4434
In base 15, what is -3 - -88?
85
In base 9, what is -58 + 153?
84
In base 8, what is -33 - 12?
-45
In base 12, what is -3 + 9?
6
In base 6, what is -20324 + 3?
-20321
In base 6, what is -4235 + -1?
-4240
In base 13, what is 265 - a?
258
In base 2, what is -100 - -10001000?
10000100
In base 7, what is -3 - -12145?
12142
In base 14, what is -2 - 27?
-29
In base 8, what is -3 - -77?
74
In base 10, what is -2580 - 4?
-2584
In base 13, what is -b7 - -5?
-b2
In base 2, what is -1100 - 1001100?
-1011000
In base 16, what is -d - 3d?
-4a
In base 9, what is -183 - 0?
-183
In base 6, what is 51 - 32?
15
In base 5, what is 1 + -30024?
-30023
In base 16, what is 131 + 2?
133
In base 7, what is 1 + 124?
125
In base 8, what is -1 - 362?
-363
In base 16, what is a + -8?
2
In base 11, what is -20 + -21?
-41
In base 14, what is 2 + -1c?
-1a
In base 15, what is 4c - -2c?
79
In base 7, what is -256 + -2?
-261
In base 8, what is -1 + -12?
-13
In base 14, what is -1 - -32?
31
In base 10, what is 82 + 72?
154
In base 12, what is 4 - -128?
130
In base 3, what is -100111 + -2?
-100120
In base 4, what is -303200 - -3?
-303131
In base 3, what is 1100 + 1100?
2200
In base 14, what is 41 + -7?
38
In base 3, what is 1101012 - 0?
1101012
In base 7, what is 2 - -14352?
14354
In base 12, what is -11 - 10?
-21
In base 11, what is -38 + 2?
-36
In base 6, what is 10 + -4?
2
In base 8, what is -1101 + -2?
-1103
In base 4, what is 11 + -110?
-33
In base 2, what is 0 + 111010?
111010
In base 6, what is 53 - -151?
244
In base 9, what is -37 + 21?
-16
In base 4, what is -32 - 10223?
-10321
In base 6, what is 42151 - -1?
42152
In base 7, what is -212 - -4?
-205
In base 15, what is -4d + 12e?
d1
In base 12, what is 2a - -1b?
49
In base 4, what is 2022 + -1?
2021
In base 3, what is 22 + 21?
120
In base 16, what is -2 - 826?
-828
In base 13, what is b0 - 0?
b0
In base 7, what is -13 + 120?
104
In base 9, what is -1844 - 2?
-1846
In base 14, what is 11 + 11?
22
In base 11, what is -5 - 918?
-922
In base 9, what is 35 + 17?
53
In base 14, what is 3 - b?
-8
In base 15, what is -1 + -e4?
-e5
In base 14, what is -547 + -2?
-549
In base 13, what is -41 + -c?
-50
In base 13, what is -4 + -c9?
-100
In base 13, what is 2 + -11b?
-119
In base 5, what is 3400 + -10?
3340
In base 11, what is 2a92 - -3?
2a95
In base 8, what is -15 + -76?
-113
In base 15, what is 9 - -10?
19
In base 14, what is 0 + 39?
39
In base 3, what is 10 - 101?
-21
In base 11, what is 1 - -3985?
3986
In base 15, what is 17 + 33?
4a
In base 16, what is 3 + 2e3?
2e6
In base 16, what is 0 + 39f?
39f
In base 3, what is -11211 - 10?
-11221
In base 6, what is -54 + -5?
-103
In base 8, what is 1041 - 22?
1017
In base 15, what is 8 - 14?
-b
In base 11, what is 12 + 1?
13
In base 6, what is 33 - 3?
30
In base 13, what is 2 - 99?
-97
In base 13, what is -5 + 3?
-2
In base 2, what is 100 + -10000101?
-10000001
In base 6, what is -123 + 213?
50
In base 7, what is 4 - -21664?
22001
In base 13, what is -11a + 4?
-116
In base 11, what is 3 - 13?
-10
In base 2, what is -1100011110 + -1?
-1100011111
In base 12, what is -98 - 5?
-a1
In base 4, what is 3 + 113?
122
In base 13, what is -24 + -47?
-6b
In base 14, what is -6d + -6?
-75
In base 13, what is -29 - 2a?
-56
In base 16, what is -4 + 221?
21d
In base 9, what is 2 + -6867?
-6865
In base 13, what is a + -b?
-1
In base 11, what is 0 - -21?
21
In base 16, what is c - 64?
-58
In base 16, what is -136b + 4?
-1367
In base 5, what is -23 - 144?
-222
In base 16, what is -3 - -37f?
37c
In base 15, what is c1 + -16?
aa
In base 3, what is 12 + 2020?
2102
In base 12, what is -4 - -390?
388
In base 6, what is -100 - -12?
-44
In base 5, what is 1012 + -30?
432
In base 15, what is -2 - -2e?
2c
In base 12, what is -1 - 47?
-48
In base 16, what is -236 + -2?
-238
In base 6, what is 12 - 502?
-450
In base 16, what is 3 - -533?
536
In base 13, what is 6a - -6?
73
In base 6, what is -3 - -201?
154
In base 5, what is -2 + 4124?
4122
In base 14, what is 9 + 8?
13
In base 8, what is -1 + 306?
305
In base 15, what is da8 - -1?
da9
In base 16, what is 20 - 7d?
-5d
In base 12, what is -77a - 5?
-783
In base 16, what is 0 + -15?
-15
In base 14, what is -7b - 2c?
-a9
In base 2, what is 10000101 + -10110?
1101111
In base 14, what is 19 - -4?
1d
In base 7, what is 1 - 311?
-310
In base 5, what is -22 - 3?
-30
In base 15, what is 0 - 8?
-8
In base 16, what is -1 + 86?
85
In base 9, what is 27 - -38?
66
In base 5, what is -2 + 30400?
30343
In base 3, what is -11000110 + 12?
-11000021
In base 7, what is 15 - -4436?
4454
In base 6, what is 4001 + -2?
3555
In base 5, what is -1042 + -13?
-1110
In base 13,